{"id":1118,"date":"2020-10-19T14:54:55","date_gmt":"2020-10-19T14:54:55","guid":{"rendered":"http:\/\/exclousivemediagroup.hu\/?page_id=1118"},"modified":"2020-10-19T15:06:19","modified_gmt":"2020-10-19T15:06:19","slug":"mentoapolo-tanfolyam-indul","status":"publish","type":"page","link":"https:\/\/exclousivemediagroup.hu\/?page_id=1118","title":{"rendered":"Ment\u0151\u00e1pol\u00f3 tanfolyam indul"},"content":{"rendered":"<h1><span style=\"color: #000000; font-family: arial, helvetica, sans-serif;\"><strong>Ment\u0151\u00e1pol\u00f3 k\u00e9pz\u00e9s indul!<\/strong><\/span><br \/>\n<span style=\"font-family: arial, helvetica, sans-serif;\">Ez az utols\u00f3 lehet\u0151s\u00e9g, hogy a jogszab\u00e1lyv\u00e1ltoz\u00e1s el\u0151tt beiratkozhass, OKJ-s bizony\u00edtv\u00e1nyt, szakm\u00e1t szerezhess! <\/span><\/h1>\n<div id=\"attachment_3672\" style=\"width: 550px\" class=\"wp-caption aligncenter\"><a href=\"https:\/\/exclousivemediagroup.hu\/wp-content\/uploads\/AF1QipOARGxgU_PAQ1UWG8eXZClwYpONfb_EZ5hVLd90w540-pa.png\"><img loading=\"lazy\" decoding=\"async\" aria-describedby=\"caption-attachment-3672\" class=\"size-full wp-image-3672\" src=\"https:\/\/exclousivemediagroup.hu\/wp-content\/uploads\/AF1QipOARGxgU_PAQ1UWG8eXZClwYpONfb_EZ5hVLd90w540-pa.png\" alt=\"Ment\u0151\u00e1pol\u00f3 tanfolyam indul!\" width=\"540\" height=\"263\" \/><\/a><p id=\"caption-attachment-3672\" class=\"wp-caption-text\">Ment\u0151\u00e1pol\u00f3 tanfolyam indul!<\/p><\/div>\n<h1>\n<span style=\"font-family: arial, helvetica, sans-serif;\">Mi\u00e9rt \u00e9rdemes minket v\u00e1lasztani?<br \/>\nT\u00f6bb mint 10 \u00e9ves oktat\u00e1si tapasztalat a feln\u0151ttk\u00e9pz\u00e9s ter\u00fclet\u00e9n, kiv\u00e1l\u00f3 oktat\u00f3kkal, szakemberekkel \u00e1llunk rendelkez\u00e9sre. <\/span><\/p>\n<p><span style=\"font-family: arial, helvetica, sans-serif;\">Feln\u0151ttk\u00e9pz\u0151 int\u00e9zm\u00e9ny\u00fcnkn\u00e9l a:<br \/>\n06-30\/547-7990 vagy a 06-70\/676-65-71-es telefonsz\u00e1mokon, valamint a <a href=\"mailto:kepzes@ioszia.hu\">kepzes@ioszia.hu<\/a> el\u00e9rhet\u0151s\u00e9geken tud b\u0151vebb t\u00e1j\u00e9koztat\u00e1st k\u00e9rni.<\/span><\/p>\n<p><span style=\"font-family: arial, helvetica, sans-serif;\">K\u00e9rj\u00fck, ha a tanfolyami \u00fcgyint\u00e9z\u00e9s\u00e9vel, beiratkoz\u00e1s\u00e1val elakad, forduljon hozz\u00e1nk bizalommal, \u00e1llunk rendelkez\u00e9s\u00e9re!<\/span><\/p>\n<p><span style=\"font-family: arial, helvetica, sans-serif;\">Jelentkezzen most, a<\/span><span style=\"font-family: arial, helvetica, sans-serif;\">z indul\u00f3 OKJ k\u00e9pz\u00e9sre : <\/span><br \/>\n<span style=\"font-family: arial, helvetica, sans-serif;\"><a href=\"http:\/\/felnottkepzes.hu\/kapcsolat#contact\">http:\/\/felnottkepzes.hu\/kapcsolat#contact<\/a><\/span><br \/>\n<span style=\"font-family: arial, helvetica, sans-serif;\">(a fenti linken tudsz jelentkezni)<\/span><\/h1>\n<h1><span style=\"font-family: arial, helvetica, sans-serif;\"><br \/>\n<\/span><span style=\"font-family: arial, helvetica, sans-serif;\">#ment\u0151\u00e1pol\u00f3tanfolyam #indul #ioszia #feln\u0151ttk\u00e9pz\u00e9s #tanfolyamok #k\u00e9pz\u00e9sek #hevesmegye #gy\u00f6ngy\u00f6s #tanuljvelunk #olcs\u00f3tanfolyam #keressminketbizalommal #utols\u00f3es\u00e9ly #okj #okjstanfolyam #okjsk\u00e9pz\u00e9s #jelentkezz #feln\u0151ttoktat\u00e1s #okjsbizony\u00edtv\u00e1ny #gyorstalpal\u00f3<\/span><\/p>\n<p><span style=\"text-decoration: underline;\"><strong><span style=\"font-family: arial, helvetica, sans-serif;\">Ment\u0151\u00e1pol\u00f3 tanfolyam inform\u00e1ci\u00f3i:<\/span><\/strong><\/span><br \/>\n<span style=\"font-family: arial, helvetica, sans-serif;\"><a href=\"http:\/\/felnottkepzes.hu\/project\/mentoapolo-tanfolyam\">http:\/\/felnottkepzes.hu\/project\/mentoapolo-tanfolyam<\/a><\/span><\/p>\n<p><strong><span style=\"font-family: arial, helvetica, sans-serif;\"><span style=\"text-decoration: underline;\">Indul\u00f3 tanfolyamok:<\/span> <\/span><\/strong><br \/>\n<span style=\"font-family: arial, helvetica, sans-serif;\"><a href=\"http:\/\/felnottkepzes.hu\/teljes-felnottkpezesi-tanfolyamlista\">http:\/\/felnottkepzes.hu\/teljes-felnottkpezesi-tanfolyamlista<\/a><\/span><\/p>\n<p><span style=\"text-decoration: underline;\"><strong><span style=\"font-family: arial, helvetica, sans-serif;\">Feln\u0151ttk\u00e9pz\u00e9s honlapunk:<\/span><\/strong><\/span><br \/>\n<span style=\"font-family: arial, helvetica, sans-serif;\"><a href=\"http:\/\/felnottkepzes.hu\/\">http:\/\/felnottkepzes.hu\/<\/a><\/span><\/p>\n<p><span style=\"font-family: arial, helvetica, sans-serif;\">&#8222;IOSZIA&#8221; Du\u00e1lis Szakk\u00e9pz\u00e9si \u00e9s Feln\u0151ttk\u00e9pz\u00e9si Int\u00e9zm\u00e9ny Kft.<\/span><br \/>\n<span style=\"font-family: arial, helvetica, sans-serif;\">ECL NYELVVIZSGA VIZSGAHELY AZ: 1769, EURO EXAM NYELVVIZSGA VIZSGAHELY AZ: 1894, ECDL VIZSGAHELY AZ: 518<\/span><br \/>\n<span style=\"font-family: arial, helvetica, sans-serif;\">Feln\u0151ttk\u00e9pz\u00e9si tev\u00e9kenys\u00e9get igazol\u00f3 enged\u00e9lysz\u00e1m: E-000526\/2014<\/span><\/h1>\n","protected":false},"excerpt":{"rendered":"<p>Ment\u0151\u00e1pol\u00f3 k\u00e9pz\u00e9s indul! Ez az utols\u00f3 lehet\u0151s\u00e9g, hogy a jogszab\u00e1lyv\u00e1ltoz\u00e1s el\u0151tt beiratkozhass, OKJ-s bizony\u00edtv\u00e1nyt, szakm\u00e1t szerezhess! Mi\u00e9rt \u00e9rdemes minket v\u00e1lasztani? T\u00f6bb mint 10 \u00e9ves oktat\u00e1si tapasztalat a feln\u0151ttk\u00e9pz\u00e9s ter\u00fclet\u00e9n, kiv\u00e1l\u00f3 oktat\u00f3kkal, szakemberekkel \u00e1llunk rendelkez\u00e9sre. Feln\u0151ttk\u00e9pz\u0151 int\u00e9zm\u00e9ny\u00fcnkn\u00e9l a: 06-30\/547-7990 vagy a 06-70\/676-65-71-es telefonsz\u00e1mokon, valamint a kepzes@ioszia.hu el\u00e9rhet\u0151s\u00e9geken tud b\u0151vebb t\u00e1j\u00e9koztat\u00e1st k\u00e9rni. K\u00e9rj\u00fck, ha a tanfolyami \u00fcgyint\u00e9z\u00e9s\u00e9vel, [&hellip;]<\/p>\n","protected":false},"author":2,"featured_media":0,"parent":0,"menu_order":0,"comment_status":"open","ping_status":"closed","template":"","meta":{"footnotes":""},"class_list":["post-1118","page","type-page","status-publish","hentry"],"_links":{"self":[{"href":"https:\/\/exclousivemediagroup.hu\/index.php?rest_route=\/wp\/v2\/pages\/1118","targetHints":{"allow":["GET"]}}],"collection":[{"href":"https:\/\/exclousivemediagroup.hu\/index.php?rest_route=\/wp\/v2\/pages"}],"about":[{"href":"https:\/\/exclousivemediagroup.hu\/index.php?rest_route=\/wp\/v2\/types\/page"}],"author":[{"embeddable":true,"href":"https:\/\/exclousivemediagroup.hu\/index.php?rest_route=\/wp\/v2\/users\/2"}],"replies":[{"embeddable":true,"href":"https:\/\/exclousivemediagroup.hu\/index.php?rest_route=%2Fwp%2Fv2%2Fcomments&post=1118"}],"version-history":[{"count":0,"href":"https:\/\/exclousivemediagroup.hu\/index.php?rest_route=\/wp\/v2\/pages\/1118\/revisions"}],"wp:attachment":[{"href":"https:\/\/exclousivemediagroup.hu\/index.php?rest_route=%2Fwp%2Fv2%2Fmedia&parent=1118"}],"curies":[{"name":"wp","href":"https:\/\/api.w.org\/{rel}","templated":true}]}}